{"id":3617,"date":"2016-07-01T11:06:26","date_gmt":"2016-07-01T11:06:26","guid":{"rendered":"http:\/\/moments.select-themes.com\/?page_id=3617"},"modified":"2025-03-24T13:48:17","modified_gmt":"2025-03-24T13:48:17","slug":"portfolio","status":"publish","type":"page","link":"https:\/\/www.1000et1reves.fr\/?page_id=3617","title":{"rendered":"Portfolio"},"content":{"rendered":"<p>[vc_row content_width=\u00a0\u00bbgrid\u00a0\u00bb content_aligment=\u00a0\u00bbcenter\u00a0\u00bb css=\u00a0\u00bb.vc_custom_1466673975606{padding-top: 125px !important;padding-bottom: 90px !important;}\u00a0\u00bb][vc_column][vc_column_text]<\/p>\n<h2>Mes r\u00e9alisations<\/h2>\n<p>[\/vc_column_text][vc_empty_space height=\u00a0\u00bb18px\u00a0\u00bb][vc_column_text css=\u00a0\u00bb.vc_custom_1557489219823{padding-right: 7% !important;padding-left: 7% !important;}\u00a0\u00bb]Retrouvez ici toutes mes r\u00e9alisations[\/vc_column_text][\/vc_column][\/vc_row][vc_row content_aligment=\u00a0\u00bbcenter\u00a0\u00bb css=\u00a0\u00bb.vc_custom_1578991359711{padding-bottom: 90px !important;}\u00a0\u00bb][vc_column width=\u00a0\u00bb1\/4&Prime;][\/vc_column][vc_column width=\u00a0\u00bb1\/2&Prime;]<div class = \"qodef-portfolio-list-holder-outer qodef-ptf-standard qodef-ptf-three-columns qodef-ptf-load-more\" data-next-page= \"2\" data-type= \"standard\" data-columns= \"three\" data-grid-size= \"three\" data-order-by= \"date\" data-order= \"DESC\" data-number= \"-1\" data-image-size= \"square\" data-filter= \"no\" data-filter-order-by= \"name\" data-show-load-more= \"yes\" data-title-tag= \"h6\" data-max-num-pages = 0><div class = \"qodef-portfolio-list-holder clearfix\" >    <article class=\"qodef-portfolio-item mix portfolio_category_271\">\n        <div class=\"qodef-item-image-holder\">\n\t\t\t<img loading=\"lazy\" decoding=\"async\" width=\"550\" height=\"550\" src=\"https:\/\/www.1000et1reves.fr\/wp-content\/uploads\/2025\/03\/20231006_201638-550x550.jpg\" class=\"attachment-moments_qodef_square size-moments_qodef_square wp-post-image\" alt=\"\" srcset=\"https:\/\/www.1000et1reves.fr\/wp-content\/uploads\/2025\/03\/20231006_201638-550x550.jpg 550w, https:\/\/www.1000et1reves.fr\/wp-content\/uploads\/2025\/03\/20231006_201638-150x150.jpg 150w, https:\/\/www.1000et1reves.fr\/wp-content\/uploads\/2025\/03\/20231006_201638-300x300.jpg 300w, https:\/\/www.1000et1reves.fr\/wp-content\/uploads\/2025\/03\/20231006_201638-100x100.jpg 100w\" sizes=\"auto, (max-width: 550px) 100vw, 550px\" \/>            <a href=\"https:\/\/www.1000et1reves.fr\/?portfolio-item=mariage-emilie-et-mickael\">\n                <div class=\"qodef-item-image-holder-overlay\"><\/div>\n            <\/a>\n        <\/div>\n        <div class=\"qodef-item-text-holder\">\n            <h6 class=\"qodef-item-title\">\n            <a href=\"https:\/\/www.1000et1reves.fr\/?portfolio-item=mariage-emilie-et-mickael\">\n\t\t\t\tMariage \u00c9milie et Micka\u00ebl            <\/a>\n        <\/h6>\n\t\t<div class=\"qodef-ptf-category-holder\"><span>Mariages<\/span><\/div>        <\/div>\n    <\/article>\n    <article class=\"qodef-portfolio-item mix portfolio_category_271\">\n        <div class=\"qodef-item-image-holder\">\n\t\t\t<img loading=\"lazy\" decoding=\"async\" width=\"550\" height=\"550\" src=\"https:\/\/www.1000et1reves.fr\/wp-content\/uploads\/2025\/03\/20230707_201400-550x550.jpg\" class=\"attachment-moments_qodef_square size-moments_qodef_square wp-post-image\" alt=\"\" srcset=\"https:\/\/www.1000et1reves.fr\/wp-content\/uploads\/2025\/03\/20230707_201400-550x550.jpg 550w, https:\/\/www.1000et1reves.fr\/wp-content\/uploads\/2025\/03\/20230707_201400-150x150.jpg 150w, https:\/\/www.1000et1reves.fr\/wp-content\/uploads\/2025\/03\/20230707_201400-300x300.jpg 300w, https:\/\/www.1000et1reves.fr\/wp-content\/uploads\/2025\/03\/20230707_201400-100x100.jpg 100w\" sizes=\"auto, (max-width: 550px) 100vw, 550px\" \/>            <a href=\"https:\/\/www.1000et1reves.fr\/?portfolio-item=mariage-evelyne-et-jean-amaury\">\n                <div class=\"qodef-item-image-holder-overlay\"><\/div>\n            <\/a>\n        <\/div>\n        <div class=\"qodef-item-text-holder\">\n            <h6 class=\"qodef-item-title\">\n            <a href=\"https:\/\/www.1000et1reves.fr\/?portfolio-item=mariage-evelyne-et-jean-amaury\">\n\t\t\t\tMariage Evelyne et Jean-Amaury            <\/a>\n        <\/h6>\n\t\t<div class=\"qodef-ptf-category-holder\"><span>Mariages<\/span><\/div>        <\/div>\n    <\/article>\n    <article class=\"qodef-portfolio-item mix portfolio_category_271\">\n        <div class=\"qodef-item-image-holder\">\n\t\t\t<img loading=\"lazy\" decoding=\"async\" width=\"550\" height=\"550\" src=\"https:\/\/www.1000et1reves.fr\/wp-content\/uploads\/2025\/03\/20230630_173236-550x550.jpg\" class=\"attachment-moments_qodef_square size-moments_qodef_square wp-post-image\" alt=\"\" srcset=\"https:\/\/www.1000et1reves.fr\/wp-content\/uploads\/2025\/03\/20230630_173236-550x550.jpg 550w, https:\/\/www.1000et1reves.fr\/wp-content\/uploads\/2025\/03\/20230630_173236-150x150.jpg 150w, https:\/\/www.1000et1reves.fr\/wp-content\/uploads\/2025\/03\/20230630_173236-300x300.jpg 300w, https:\/\/www.1000et1reves.fr\/wp-content\/uploads\/2025\/03\/20230630_173236-100x100.jpg 100w\" sizes=\"auto, (max-width: 550px) 100vw, 550px\" \/>            <a href=\"https:\/\/www.1000et1reves.fr\/?portfolio-item=mariage-marie-et-jeremie\">\n                <div class=\"qodef-item-image-holder-overlay\"><\/div>\n            <\/a>\n        <\/div>\n        <div class=\"qodef-item-text-holder\">\n            <h6 class=\"qodef-item-title\">\n            <a href=\"https:\/\/www.1000et1reves.fr\/?portfolio-item=mariage-marie-et-jeremie\">\n\t\t\t\tMariage Marie et J\u00e9r\u00e9mie            <\/a>\n        <\/h6>\n\t\t<div class=\"qodef-ptf-category-holder\"><span>Mariages<\/span><\/div>        <\/div>\n    <\/article>\n    <article class=\"qodef-portfolio-item mix portfolio_category_271\">\n        <div class=\"qodef-item-image-holder\">\n\t\t\t<img loading=\"lazy\" decoding=\"async\" width=\"550\" height=\"550\" src=\"https:\/\/www.1000et1reves.fr\/wp-content\/uploads\/2025\/03\/20220925_015302-550x550.jpg\" class=\"attachment-moments_qodef_square size-moments_qodef_square wp-post-image\" alt=\"\" srcset=\"https:\/\/www.1000et1reves.fr\/wp-content\/uploads\/2025\/03\/20220925_015302-550x550.jpg 550w, https:\/\/www.1000et1reves.fr\/wp-content\/uploads\/2025\/03\/20220925_015302-150x150.jpg 150w, https:\/\/www.1000et1reves.fr\/wp-content\/uploads\/2025\/03\/20220925_015302-300x300.jpg 300w, https:\/\/www.1000et1reves.fr\/wp-content\/uploads\/2025\/03\/20220925_015302-100x100.jpg 100w\" sizes=\"auto, (max-width: 550px) 100vw, 550px\" \/>            <a href=\"https:\/\/www.1000et1reves.fr\/?portfolio-item=mariage-camille-et-david\">\n                <div class=\"qodef-item-image-holder-overlay\"><\/div>\n            <\/a>\n        <\/div>\n        <div class=\"qodef-item-text-holder\">\n            <h6 class=\"qodef-item-title\">\n            <a href=\"https:\/\/www.1000et1reves.fr\/?portfolio-item=mariage-camille-et-david\">\n\t\t\t\tMariage Camille et David            <\/a>\n        <\/h6>\n\t\t<div class=\"qodef-ptf-category-holder\"><span>Mariages<\/span><\/div>        <\/div>\n    <\/article>\n    <article class=\"qodef-portfolio-item mix portfolio_category_271\">\n        <div class=\"qodef-item-image-holder\">\n\t\t\t<img loading=\"lazy\" decoding=\"async\" width=\"550\" height=\"550\" src=\"https:\/\/www.1000et1reves.fr\/wp-content\/uploads\/2025\/03\/20220826_223524-550x550.jpg\" class=\"attachment-moments_qodef_square size-moments_qodef_square wp-post-image\" alt=\"\" srcset=\"https:\/\/www.1000et1reves.fr\/wp-content\/uploads\/2025\/03\/20220826_223524-550x550.jpg 550w, https:\/\/www.1000et1reves.fr\/wp-content\/uploads\/2025\/03\/20220826_223524-150x150.jpg 150w, https:\/\/www.1000et1reves.fr\/wp-content\/uploads\/2025\/03\/20220826_223524-300x300.jpg 300w, https:\/\/www.1000et1reves.fr\/wp-content\/uploads\/2025\/03\/20220826_223524-100x100.jpg 100w\" sizes=\"auto, (max-width: 550px) 100vw, 550px\" \/>            <a href=\"https:\/\/www.1000et1reves.fr\/?portfolio-item=mariage-melanie-et-jerome\">\n                <div class=\"qodef-item-image-holder-overlay\"><\/div>\n            <\/a>\n        <\/div>\n        <div class=\"qodef-item-text-holder\">\n            <h6 class=\"qodef-item-title\">\n            <a href=\"https:\/\/www.1000et1reves.fr\/?portfolio-item=mariage-melanie-et-jerome\">\n\t\t\t\tMariage M\u00e9lanie et J\u00e9r\u00f4me            <\/a>\n        <\/h6>\n\t\t<div class=\"qodef-ptf-category-holder\"><span>Mariages<\/span><\/div>        <\/div>\n    <\/article>\n    <article class=\"qodef-portfolio-item mix portfolio_category_271\">\n        <div class=\"qodef-item-image-holder\">\n\t\t\t<img loading=\"lazy\" decoding=\"async\" width=\"550\" height=\"550\" src=\"https:\/\/www.1000et1reves.fr\/wp-content\/uploads\/2025\/03\/IMG_0418PS-550x550.jpg\" class=\"attachment-moments_qodef_square size-moments_qodef_square wp-post-image\" alt=\"\" srcset=\"https:\/\/www.1000et1reves.fr\/wp-content\/uploads\/2025\/03\/IMG_0418PS-550x550.jpg 550w, https:\/\/www.1000et1reves.fr\/wp-content\/uploads\/2025\/03\/IMG_0418PS-150x150.jpg 150w, https:\/\/www.1000et1reves.fr\/wp-content\/uploads\/2025\/03\/IMG_0418PS-300x300.jpg 300w, https:\/\/www.1000et1reves.fr\/wp-content\/uploads\/2025\/03\/IMG_0418PS-100x100.jpg 100w\" sizes=\"auto, (max-width: 550px) 100vw, 550px\" \/>            <a href=\"https:\/\/www.1000et1reves.fr\/?portfolio-item=mariage-aurelie-et-xavier\">\n                <div class=\"qodef-item-image-holder-overlay\"><\/div>\n            <\/a>\n        <\/div>\n        <div class=\"qodef-item-text-holder\">\n            <h6 class=\"qodef-item-title\">\n            <a href=\"https:\/\/www.1000et1reves.fr\/?portfolio-item=mariage-aurelie-et-xavier\">\n\t\t\t\tMariage Aur\u00e9lie et Xavier            <\/a>\n        <\/h6>\n\t\t<div class=\"qodef-ptf-category-holder\"><span>Mariages<\/span><\/div>        <\/div>\n    <\/article>\n    <article class=\"qodef-portfolio-item mix portfolio_category_271\">\n        <div class=\"qodef-item-image-holder\">\n\t\t\t<img loading=\"lazy\" decoding=\"async\" width=\"550\" height=\"550\" src=\"https:\/\/www.1000et1reves.fr\/wp-content\/uploads\/2025\/03\/20220617_220509-1-550x550.jpg\" class=\"attachment-moments_qodef_square size-moments_qodef_square wp-post-image\" alt=\"\" srcset=\"https:\/\/www.1000et1reves.fr\/wp-content\/uploads\/2025\/03\/20220617_220509-1-550x550.jpg 550w, https:\/\/www.1000et1reves.fr\/wp-content\/uploads\/2025\/03\/20220617_220509-1-150x150.jpg 150w, https:\/\/www.1000et1reves.fr\/wp-content\/uploads\/2025\/03\/20220617_220509-1-300x300.jpg 300w, https:\/\/www.1000et1reves.fr\/wp-content\/uploads\/2025\/03\/20220617_220509-1-100x100.jpg 100w\" sizes=\"auto, (max-width: 550px) 100vw, 550px\" \/>            <a href=\"https:\/\/www.1000et1reves.fr\/?portfolio-item=mariage-margot-et-magali\">\n                <div class=\"qodef-item-image-holder-overlay\"><\/div>\n            <\/a>\n        <\/div>\n        <div class=\"qodef-item-text-holder\">\n            <h6 class=\"qodef-item-title\">\n            <a href=\"https:\/\/www.1000et1reves.fr\/?portfolio-item=mariage-margot-et-magali\">\n\t\t\t\tMariage Margot et Magali            <\/a>\n        <\/h6>\n\t\t<div class=\"qodef-ptf-category-holder\"><span>Mariages<\/span><\/div>        <\/div>\n    <\/article>\n    <article class=\"qodef-portfolio-item mix portfolio_category_271\">\n        <div class=\"qodef-item-image-holder\">\n\t\t\t<img loading=\"lazy\" decoding=\"async\" width=\"550\" height=\"550\" src=\"https:\/\/www.1000et1reves.fr\/wp-content\/uploads\/2021\/10\/20210702_180523-550x550.jpg\" class=\"attachment-moments_qodef_square size-moments_qodef_square wp-post-image\" alt=\"\" srcset=\"https:\/\/www.1000et1reves.fr\/wp-content\/uploads\/2021\/10\/20210702_180523-550x550.jpg 550w, https:\/\/www.1000et1reves.fr\/wp-content\/uploads\/2021\/10\/20210702_180523-150x150.jpg 150w, https:\/\/www.1000et1reves.fr\/wp-content\/uploads\/2021\/10\/20210702_180523-1000x1000.jpg 1000w, https:\/\/www.1000et1reves.fr\/wp-content\/uploads\/2021\/10\/20210702_180523-300x300.jpg 300w, https:\/\/www.1000et1reves.fr\/wp-content\/uploads\/2021\/10\/20210702_180523-100x100.jpg 100w\" sizes=\"auto, (max-width: 550px) 100vw, 550px\" \/>            <a href=\"https:\/\/www.1000et1reves.fr\/?portfolio-item=mariage-helene-et-benoit\">\n                <div class=\"qodef-item-image-holder-overlay\"><\/div>\n            <\/a>\n        <\/div>\n        <div class=\"qodef-item-text-holder\">\n            <h6 class=\"qodef-item-title\">\n            <a href=\"https:\/\/www.1000et1reves.fr\/?portfolio-item=mariage-helene-et-benoit\">\n\t\t\t\tMariage H\u00e9l\u00e8ne et Beno\u00eet            <\/a>\n        <\/h6>\n\t\t<div class=\"qodef-ptf-category-holder\"><span>Mariages<\/span><\/div>        <\/div>\n    <\/article>\n    <article class=\"qodef-portfolio-item mix portfolio_category_271\">\n        <div class=\"qodef-item-image-holder\">\n\t\t\t<img loading=\"lazy\" decoding=\"async\" width=\"550\" height=\"550\" src=\"https:\/\/www.1000et1reves.fr\/wp-content\/uploads\/2021\/10\/20210625_183604-550x550.jpg\" class=\"attachment-moments_qodef_square size-moments_qodef_square wp-post-image\" alt=\"\" srcset=\"https:\/\/www.1000et1reves.fr\/wp-content\/uploads\/2021\/10\/20210625_183604-550x550.jpg 550w, https:\/\/www.1000et1reves.fr\/wp-content\/uploads\/2021\/10\/20210625_183604-150x150.jpg 150w, https:\/\/www.1000et1reves.fr\/wp-content\/uploads\/2021\/10\/20210625_183604-1000x1000.jpg 1000w, https:\/\/www.1000et1reves.fr\/wp-content\/uploads\/2021\/10\/20210625_183604-300x300.jpg 300w, https:\/\/www.1000et1reves.fr\/wp-content\/uploads\/2021\/10\/20210625_183604-100x100.jpg 100w\" sizes=\"auto, (max-width: 550px) 100vw, 550px\" \/>            <a href=\"https:\/\/www.1000et1reves.fr\/?portfolio-item=camille-et-david\">\n                <div class=\"qodef-item-image-holder-overlay\"><\/div>\n            <\/a>\n        <\/div>\n        <div class=\"qodef-item-text-holder\">\n            <h6 class=\"qodef-item-title\">\n            <a href=\"https:\/\/www.1000et1reves.fr\/?portfolio-item=camille-et-david\">\n\t\t\t\tMariage Camille et David            <\/a>\n        <\/h6>\n\t\t<div class=\"qodef-ptf-category-holder\"><span>Mariages<\/span><\/div>        <\/div>\n    <\/article>\n    <article class=\"qodef-portfolio-item mix portfolio_category_271\">\n        <div class=\"qodef-item-image-holder\">\n\t\t\t<img loading=\"lazy\" decoding=\"async\" width=\"550\" height=\"550\" src=\"https:\/\/www.1000et1reves.fr\/wp-content\/uploads\/2021\/10\/20210423_190357-550x550.jpg\" class=\"attachment-moments_qodef_square size-moments_qodef_square wp-post-image\" alt=\"\" srcset=\"https:\/\/www.1000et1reves.fr\/wp-content\/uploads\/2021\/10\/20210423_190357-550x550.jpg 550w, https:\/\/www.1000et1reves.fr\/wp-content\/uploads\/2021\/10\/20210423_190357-150x150.jpg 150w, https:\/\/www.1000et1reves.fr\/wp-content\/uploads\/2021\/10\/20210423_190357-1000x1000.jpg 1000w, https:\/\/www.1000et1reves.fr\/wp-content\/uploads\/2021\/10\/20210423_190357-300x300.jpg 300w, https:\/\/www.1000et1reves.fr\/wp-content\/uploads\/2021\/10\/20210423_190357-100x100.jpg 100w\" sizes=\"auto, (max-width: 550px) 100vw, 550px\" \/>            <a href=\"https:\/\/www.1000et1reves.fr\/?portfolio-item=marie-ange-et-thomas\">\n                <div class=\"qodef-item-image-holder-overlay\"><\/div>\n            <\/a>\n        <\/div>\n        <div class=\"qodef-item-text-holder\">\n            <h6 class=\"qodef-item-title\">\n            <a href=\"https:\/\/www.1000et1reves.fr\/?portfolio-item=marie-ange-et-thomas\">\n\t\t\t\tMariage Marie-Ange et Thomas            <\/a>\n        <\/h6>\n\t\t<div class=\"qodef-ptf-category-holder\"><span>Mariages<\/span><\/div>        <\/div>\n    <\/article>\n    <article class=\"qodef-portfolio-item mix portfolio_category_271\">\n        <div class=\"qodef-item-image-holder\">\n\t\t\t<img loading=\"lazy\" decoding=\"async\" width=\"550\" height=\"550\" src=\"https:\/\/www.1000et1reves.fr\/wp-content\/uploads\/2020\/01\/Fotoram.io9_-550x550.jpg\" class=\"attachment-moments_qodef_square size-moments_qodef_square wp-post-image\" alt=\"\" srcset=\"https:\/\/www.1000et1reves.fr\/wp-content\/uploads\/2020\/01\/Fotoram.io9_-550x550.jpg 550w, https:\/\/www.1000et1reves.fr\/wp-content\/uploads\/2020\/01\/Fotoram.io9_-150x150.jpg 150w, https:\/\/www.1000et1reves.fr\/wp-content\/uploads\/2020\/01\/Fotoram.io9_-1000x1000.jpg 1000w, https:\/\/www.1000et1reves.fr\/wp-content\/uploads\/2020\/01\/Fotoram.io9_-300x300.jpg 300w, https:\/\/www.1000et1reves.fr\/wp-content\/uploads\/2020\/01\/Fotoram.io9_-100x100.jpg 100w\" sizes=\"auto, (max-width: 550px) 100vw, 550px\" \/>            <a href=\"https:\/\/www.1000et1reves.fr\/?portfolio-item=shirley-et-florian\">\n                <div class=\"qodef-item-image-holder-overlay\"><\/div>\n            <\/a>\n        <\/div>\n        <div class=\"qodef-item-text-holder\">\n            <h6 class=\"qodef-item-title\">\n            <a href=\"https:\/\/www.1000et1reves.fr\/?portfolio-item=shirley-et-florian\">\n\t\t\t\tMariage Shirley et Florian            <\/a>\n        <\/h6>\n\t\t<div class=\"qodef-ptf-category-holder\"><span>Mariages<\/span><\/div>        <\/div>\n    <\/article>\n    <article class=\"qodef-portfolio-item mix portfolio_category_272\">\n        <div class=\"qodef-item-image-holder\">\n\t\t\t<img loading=\"lazy\" decoding=\"async\" width=\"550\" height=\"550\" src=\"https:\/\/www.1000et1reves.fr\/wp-content\/uploads\/2016\/06\/20181014_133614-e1557590737405-550x550.jpg\" class=\"attachment-moments_qodef_square size-moments_qodef_square wp-post-image\" alt=\"\" srcset=\"https:\/\/www.1000et1reves.fr\/wp-content\/uploads\/2016\/06\/20181014_133614-e1557590737405-550x550.jpg 550w, https:\/\/www.1000et1reves.fr\/wp-content\/uploads\/2016\/06\/20181014_133614-e1557590737405-300x300.jpg 300w, https:\/\/www.1000et1reves.fr\/wp-content\/uploads\/2016\/06\/20181014_133614-e1557590737405-100x100.jpg 100w, https:\/\/www.1000et1reves.fr\/wp-content\/uploads\/2016\/06\/20181014_133614-e1557590737405-150x150.jpg 150w, https:\/\/www.1000et1reves.fr\/wp-content\/uploads\/2016\/06\/20181014_133614-e1557590737405-1000x1000.jpg 1000w\" sizes=\"auto, (max-width: 550px) 100vw, 550px\" \/>            <a href=\"https:\/\/www.1000et1reves.fr\/?portfolio-item=chantal-et-michel\">\n                <div class=\"qodef-item-image-holder-overlay\"><\/div>\n            <\/a>\n        <\/div>\n        <div class=\"qodef-item-text-holder\">\n            <h6 class=\"qodef-item-title\">\n            <a href=\"https:\/\/www.1000et1reves.fr\/?portfolio-item=chantal-et-michel\">\n\t\t\t\tAnniversaire de mariage &#8211; Chantal et Michel            <\/a>\n        <\/h6>\n\t\t<div class=\"qodef-ptf-category-holder\"><span>Anniversaires de mariage<\/span><\/div>        <\/div>\n    <\/article>\n    <article class=\"qodef-portfolio-item mix portfolio_category_271\">\n        <div class=\"qodef-item-image-holder\">\n\t\t\t<img loading=\"lazy\" decoding=\"async\" width=\"550\" height=\"550\" src=\"https:\/\/www.1000et1reves.fr\/wp-content\/uploads\/2017\/07\/GetAttachmentThumbnail-1-550x550.jpg\" class=\"attachment-moments_qodef_square size-moments_qodef_square wp-post-image\" alt=\"\" srcset=\"https:\/\/www.1000et1reves.fr\/wp-content\/uploads\/2017\/07\/GetAttachmentThumbnail-1-550x550.jpg 550w, https:\/\/www.1000et1reves.fr\/wp-content\/uploads\/2017\/07\/GetAttachmentThumbnail-1-300x300.jpg 300w, https:\/\/www.1000et1reves.fr\/wp-content\/uploads\/2017\/07\/GetAttachmentThumbnail-1-100x100.jpg 100w, https:\/\/www.1000et1reves.fr\/wp-content\/uploads\/2017\/07\/GetAttachmentThumbnail-1-150x150.jpg 150w\" sizes=\"auto, (max-width: 550px) 100vw, 550px\" \/>            <a href=\"https:\/\/www.1000et1reves.fr\/?portfolio-item=melanie-et-olivier\">\n                <div class=\"qodef-item-image-holder-overlay\"><\/div>\n            <\/a>\n        <\/div>\n        <div class=\"qodef-item-text-holder\">\n            <h6 class=\"qodef-item-title\">\n            <a href=\"https:\/\/www.1000et1reves.fr\/?portfolio-item=melanie-et-olivier\">\n\t\t\t\tMariage M\u00e9lanie et Olivier            <\/a>\n        <\/h6>\n\t\t<div class=\"qodef-ptf-category-holder\"><span>Mariages<\/span><\/div>        <\/div>\n    <\/article>\n<div class='qodef-filler'><\/div>\n<div class='qodef-filler'><\/div>\n<div class='qodef-filler'><\/div>\n<\/div><\/div>[\/vc_column][vc_column width=\u00a0\u00bb1\/4&Prime;][\/vc_column][\/vc_row]<\/p>\n","protected":false},"excerpt":{"rendered":"<p>[vc_row content_width=\u00a0\u00bbgrid\u00a0\u00bb content_aligment=\u00a0\u00bbcenter\u00a0\u00bb css=\u00a0\u00bb.vc_custom_1466673975606{padding-top: 125px !important;padding-bottom: 90px !important;}\u00a0\u00bb][vc_column][vc_column_text] Mes r\u00e9alisations [\/vc_column_text][vc_empty_space height=\u00a0\u00bb18px\u00a0\u00bb][vc_column_text css=\u00a0\u00bb.vc_custom_1557489219823{padding-right: 7% !important;padding-left: 7% !important;}\u00a0\u00bb]Retrouvez ici toutes mes r\u00e9alisations[\/vc_column_text][\/vc_column][\/vc_row][vc_row content_aligment=\u00a0\u00bbcenter\u00a0\u00bb css=\u00a0\u00bb.vc_custom_1578991359711{padding-bottom: 90px !important;}\u00a0\u00bb][vc_column width=\u00a0\u00bb1\/4&Prime;][\/vc_column][vc_column width=\u00a0\u00bb1\/2&Prime;][\/vc_column][vc_column width=\u00a0\u00bb1\/4&Prime;][\/vc_column][\/vc_row]<\/p>\n","protected":false},"author":1,"featured_media":0,"parent":0,"menu_order":0,"comment_status":"closed","ping_status":"closed","template":"full-width.php","meta":{"footnotes":""},"class_list":["post-3617","page","type-page","status-publish","hentry"],"_links":{"self":[{"href":"https:\/\/www.1000et1reves.fr\/index.php?rest_route=\/wp\/v2\/pages\/3617","targetHints":{"allow":["GET"]}}],"collection":[{"href":"https:\/\/www.1000et1reves.fr\/index.php?rest_route=\/wp\/v2\/pages"}],"about":[{"href":"https:\/\/www.1000et1reves.fr\/index.php?rest_route=\/wp\/v2\/types\/page"}],"author":[{"embeddable":true,"href":"https:\/\/www.1000et1reves.fr\/index.php?rest_route=\/wp\/v2\/users\/1"}],"replies":[{"embeddable":true,"href":"https:\/\/www.1000et1reves.fr\/index.php?rest_route=%2Fwp%2Fv2%2Fcomments&post=3617"}],"version-history":[{"count":26,"href":"https:\/\/www.1000et1reves.fr\/index.php?rest_route=\/wp\/v2\/pages\/3617\/revisions"}],"predecessor-version":[{"id":5179,"href":"https:\/\/www.1000et1reves.fr\/index.php?rest_route=\/wp\/v2\/pages\/3617\/revisions\/5179"}],"wp:attachment":[{"href":"https:\/\/www.1000et1reves.fr\/index.php?rest_route=%2Fwp%2Fv2%2Fmedia&parent=3617"}],"curies":[{"name":"wp","href":"https:\/\/api.w.org\/{rel}","templated":true}]}}